osite number?
True
Is 107263969 prime?
False
Is 82026599 a prime number?
True
Is 68194333901 prime?
True
Is 13239029591 composite?
False
Is 393197323 prime?
True
Is 8040558203 prime?
False
Is 13152131471 a composite number?
True
Is 22605381605 a prime number?
False
Is 781903801 composite?
True
Is 1508243435 a prime number?
False
Is 6136783379 a prime number?
True
Is 918807863 composite?
False
Is 1591783607 a composite number?
False
Is 37106034587 prime?
True
Is 32828813 a composite number?
False
Is 293194493 a prime number?
True
Is 6760741147 prime?
False
Is 2100164009 a composite number?
False
Is 5423476627 prime?
False
Is 44044164773 a composite number?
True
Is 3034187069 a composite number?
True
Is 1089436303 prime?
True
Is 5876173627 a prime number?
True
Is 436901711 composite?
False
Is 553824913 composite?
True
Is 315514877 a prime number?
True
Is 142659073 a composite number?
True
Is 41338559993 prime?
True
Is 4711602059 a composite number?
False
Is 71388133627 prime?
False
Is 4966068607 a composite number?
False
Is 3144137449 prime?
False
Is 2676762071 a prime number?
True
Is 1861659077 prime?
False
Is 3622170221 composite?
False
Is 219599299 composite?
True
Is 11367401879 a prime number?
True
Is 16987818011 a prime number?
True
Is 146709081653 composite?
True
Is 499165579 composite?
True
Is 1453926809 a composite number?
False
Is 13217180027 a prime number?
False
Is 1195452527 composite?
False
Is 156248893 a prime number?
False
Is 1044098603 composite?
True
Is 1500082283 a prime number?
False
Is 9658270873 a composite number?
True
Is 18419449 a composite number?
True
Is 6705193447 composite?
True
Is 8053570409 prime?
False
Is 149578447 prime?
True
Is 5515394891 a composite number?
False
Is 854598581 composite?
False
Is 1199028433 a composite number?
True
Is 20416615487 a composite number?
False
Is 1131089429 a prime number?
True
Is 9269556151 prime?
True
Is 1569548317 composite?
False
Is 20722897297 a prime number?
True
Is 2507164813 prime?
True
Is 19833730243 composite?
True
Is 5611410179 a composite number?
True
Is 1279457507 composite?
True
Is 2954859311 composite?
False
Is 130740196157 a composite number?
True
Is 40614484353 a prime number?
False
Is 5116664229 a prime number?
False
Is 31887187121 prime?
True
Is 27598125557 a composite number?
True
Is 468658262 prime?
False
Is 134343527 prime?
False
Is 1230228509 a composite number?
False
Is 27864498251 prime?
False
Is 9157943 prime?
False
Is 21756216641 a composite number?
False
Is 398606462 composite?
True
Is 12023558507 prime?
False
Is 4817543891 composite?
False
Is 1548450349 prime?
False
Is 285118943 prime?
True
Is 27576522277 composite?
False
Is 1428300859 a composite number?
False
Is 23401267151 a composite number?
False
Is 11589821717 composite?
False
Is 670504873 composite?
False
Is 2311613357 prime?
True
Is 107834754697 prime?
True
Is 18714150791 prime?
False
Is 1399688923 prime?
False
Is 305468797 composite?
False
Is 1076037859 a composite number?
True
Is 14122813895 prime?
False
Is 762624241 a composite number?
False
Is 1872191941 composite?
False
Is 3985017227 prime?
False
Is 16271679469 composite?
False
Is 1028515549 a composite number?
False
Is 34773349403 a composite number?
True
Is 53684058023 composite?
False
Is 67028817907 a composite number?
False
Is 7723030277 composite?
False
Is 593849507 a composite number?
False
Is 369268469 prime?
False
Is 37035179 composite?
False
Is 1017364547 a prime number?
True
Is 1141799221 a composite number?
False
Is 152940031 a prime number?
True
Is 64211461 prime?
False
Is 389702351 composite?
True
Is 208910503 composite?
False
Is 450564193789 prime?
False
Is 12286209311 prime?
True
Is 1524140855 prime?
False
Is 25083896969 prime?
True
Is 174280629959 a composite number?
False
Is 170821111 composite?
False
Is 5751682313 composite?
True
Is 39700925489 prime?
True
Is 55758126129 a prime number?
False
Is 3053455487 composite?
False
Is 1890953 prime?
True
Is 1755991247 prime?
True
Is 88551067079 a composite number?
True
Is 9025726339 a composite number?
True
Is 42568397 a prime number?
True
Is 19045529357 a composite number?
True
Is 1175849007 composite?
True
Is 5945824427 composite?
False
Is 4411063309 a prime number?
False
Is 8314685143 a prime number?
True
Is 2035027079 composite?
True
Is 17586314129 composite?
False
Is 34244162299 a prime number?
False
Is 15192711286 a prime number?
False
Is 2226145123 a composite number?
True
Is 4073111813 a prime number?
True
Is 7725920149 a prime number?
False
Is 818953591 composite?
True
Is 37038077 prime?
True
Is 1103367581 composite?
False
Is 274736927 a prime number?
True
Is 7177637237 prime?
False
Is 251837377 prime?
False
Is 650141831 composite?
True
Is 154729049159 composite?
False
Is 24296618377 a composite number?
True
Is 2233819957 prime?
True
Is 81489307 a composite number?
False
Is 3340050073 a prime number?
True
Is 108214932523 a prime number?
True
Is 1457963141 prime?
True
Is 22012725971 prime?
True
Is 14663225693 a composite number?
False
Is 2596217629 a prime number?
False
Is 1576341853 composite?
False
Is 1928766839 composite?
False
Is 1037400851 a prime number?
False
Is 4980067691 a prime number?
True
Is 40311462421 a prime number?
False
Is 10047808711 a prime number?
True
Is 8230058359 a composite number?
True
Is 2069444987 a prime number?
False
Is 924277069 composite?
False
Is 871712393 a composite number?
True
Is 502047053 prime?
False
Is 20658680309 a composite number?
True
Is 13419980567 composite?
True
Is 60676093409 a prime number?
True
Is 107610193 a prime number?
False
Is 126645643 composite?
False
Is 2595363077 prime?
False
Is 87366193 a prime number?
True
Is 317123063 a prime number?
True
Is 46750831289 a prime number?
False
Is 1998343537 a composite number?
True
Is 665097721 a composite number?
False
Is 2205910451 prime?
True
Is 82024942457 prime?
False
Is 2286116951 prime?
False
Is 57706943 composite?
True
Is 13979711159 a composite number?
False
Is 65303268097 a prime number?
False
Is 818985061 prime?
False
Is 137676169 composite?
False
Is 2537237779 a composite number?
False
Is 3698741507 prime?
True
Is 21314786897 a prime number?
True
Is 10967188343 composite?
False
Is 67642156909 a prime number?
True
Is 15583030691 a composite number?
True
Is 177135919 prime?
True
Is 2528537303 composite?
True
Is 787302763 composite?
True
Is 598643923 a composite number?
False
Is 49679364799 a composite number?
True
Is 47091028909 a composite number?
False
Is 200982863 composite?
False
Is 471110483 a composite number?
False
Is 1094401135 a prime number?
False
Is 663352205 composite?
True
Is 287357783 composite?
True
Is 45723928883 a composite number?
True
Is 1130477837 prime?
False
Is 152409493 prime?
True
Is 50372880869 a prime number?
False
Is 25072960691 a prime number?
True
Is 33445740563 a prime number?
True
Is 58990457459 a composite number?
False
Is 26610183263 a composite number?
False
Is 206430029 composite?
True
Is 11256890863 composite?
False
Is 78173171 prime?
False
Is 3707383369 composite?
True
Is 224480311 composite?
True
Is 5048797319 prime?
True
Is 26080980511 composite?
True
Is 222365719 prime?
False
Is 162301489 a prime number?
False
Is 3016038943 a prime number?
False
Is 4948853621 a prime number?
False
Is 255067049 a prime number?
True
Is 887277581 a prime number?
True
Is 1805640337 composite?
False
Is 1049349373 a composite number?
True
Is 6504366511 prime?
True
Is 3832351487 a prime number?
True
Is 22980929983 composite?
True
Is 632479973 prime?
False
Is 2200862291 a composite number?
True
Is 5188547773 composite?
False
Is 2935127917 prime?
True
Is 69075991 a composite number?
True
Is 1425643547 a prime number?
False
Is 53769485911 prime?
False
Is 1617346349 composite?
False
Is 60115311757 composite?
False
Is 38591537833 a prime number?
True
Is 5731710367 prime?
False
Is 10147627 a prime number?
False
Is 39683621851 a prime number?
True
Is 92624303 composite?
True
Is 9550329511 a prime number?
False
Is 154711163141 a prime number?
False
Is 96444135271 composite?
True
Is 51112709969 prime?
False
Is 4608841271 a prime number?
True
Is 2355828841 composite?
False
Is 2564225921 prime?
False
Is 22416203 a prime number?
False
Is 1415206211 a prime number?
Fa